d - 7 = 4*z, 29 = 4*z + 4*d + 9. Suppose -5*q - 105 = -z*n, 70 = 2*n + 2*q - 56. What is the units digit of n?
0
Suppose -8 - 19 = -9*y. What is the units digit of y?
3
Let v = 423 - 192. Suppose 3*h - 226 = h - 2*k, 2*h = -k + v. What is the hundreds digit of h?
1
Let l(x) be the third derivative of -7*x**5/30 + x**4/24 - x**3/6 + 5*x**2. Let t be l(-2). Let g = 114 + t. What is the tens digit of g?
5
Let i(r) = r + 5. Let m(s) = -s**3 + 3*s**2 + 2. Let j be m(3). Suppose z - 1 = j. What is the units digit of i(z)?
8
Let k(w) = 7*w**2 - 26*w - 259. What is the hundreds digit of k(-10)?
7
Suppose -3*n + 0 + 9 = 0. Let m be ((-28)/140)/((-1)/10). Suppose -m*o - o + n = 0. What is the units digit of o?
1
Let l = -18 - -18. Suppose 0 = 5*k - l*k + 5*b - 5, 4*k - b = -1. Suppose k = -n + 49 - 15. What is the tens digit of n?
3
Let d(q) = 4*q**3 - 6*q**2 - 8*q - 5. Let p be d(-5). Let f be (-1)/4 + p/(-60). Let c = f + -8. What is the units digit of c?
2
Suppose 0 = 53*a - 9*a - 79772. What is the units digit of a?
3
Suppose 30*r = 26*r + 488. What is the units digit of r?
2
Suppose 4*r = -m + 138 - 3, -2*r + 375 = 3*m. What is the units digit of m?
3
Let a(c) be the second derivative of c**5/20 + 7*c**4/12 + c**3 + 2*c**2 + 3*c. Let d be a(-6). Suppose d*v - 3 = 197. What is the units digit of v?
0
Let v(w) be the third derivative of 3*w**4/8 + 13*w**3/6 - w**2. Let f(q) = 3*q + 4. Let t(a) = -7*f(a) + 2*v(a). What is the units digit of t(-2)?
4
Let q = -917 + 1354. What is the hundreds digit of q?
4
Let r(o) = -3*o + 15. Let j be r(-15). Suppose -5*z + j = -2*z. What is the units digit of z?
0
What is the tens digit of (-4006)/(7 - 32/4)?
0
Let f(r) = 147*r - 238. What is the hundreds digit of f(16)?
1
Suppose -2*p + 4 = -0*p. Let h(x) = 18*x**2 - 19*x**p + 6 + 8 - 5*x. What is the units digit of h(-6)?
8
Let j(l) = 3*l - 7. Let d be j(5). Let n(t) be the second derivative of t**3/3 - 6*t**2 - 25*t. What is the units digit of n(d)?
4
Suppose 0 = h + 23 - 4. Let v = h + 11. What is the tens digit of ((-2)/(-4))/(v/(-672))?
4
Let z(c) = -30*c**3 + c**2 - 1. Let h be 1/(((-3)/(-23))/3). Let a = -24 + h. What is the tens digit of z(a)?
3
Let z(s) = -s**3 + 9*s**2 - s - 11. Let d = -29 - -36. What is the tens digit of z(d)?
8
Let v(r) = 58*r - 48. What is the tens digit of v(5)?
4
Suppose -4*l + 7293 = 5*m, -4*m - 10*l + 14*l = -5820. What is the thousands digit of m?
1
Let k = 130 + -89. Suppose 0 = 3*n - 2*n - 4. Let f = n + k. What is the tens digit of f?
4
What is the tens digit of ((-36)/(-3))/(-6)*(-8186)/4?
9
Suppose -4*s - 72 = -20. Let j = s + 27. What is the units digit of j?
4
Suppose -r + 28 + 32 = -c, -r + 4*c + 66 = 0. What is the hundreds digit of r/4*(-2 + 10)?
1
Let z be ((-2)/4)/(3/24). Let a = -44 + 49. What is the units digit of z/10 - (-177)/a?
5
Let n(v) be the first derivative of -7*v**2/2 - 22*v + 23. What is the units digit of n(-10)?
8
Suppose 62 + 315 = 13*q. Let f(j) = j**2 + 2*j + 5. Let n be f(-5). Let a = q - n. What is the units digit of a?
9
Suppose -2*q + 417 = -3*w - 514, 1395 = 3*q - 5*w. What is the tens digit of q?
7
Let s = -1459 + 1613. What is the tens digit of s?
5
Suppose b = -2, -b = 4*y - 74 - 380. What is the units digit of y?
4
Suppose 4*l + 3*c + 176 = 0, l - 2*c + 149 = -2*l. Let o = -9 - l. What is the tens digit of o?
3
Let q = -1243 - -2318. What is the units digit of q?
5
Suppose 3*j - 3*v + 18 = -0*v, 10 = -5*j + v. Let b(i) = -222*i + 23. Let r(q) = 37*q - 4. Let p(y) = 6*b(y) + 34*r(y). What is the tens digit of p(j)?
7
Let d(y) = -2*y**3 - 10*y**2 + 3. Let j be d(-5). What is the units digit of (-6)/(-4)*142/j?
1
Suppose 5*c + 25 = 3*u, -4*u + 15 = 5*c + 5. Let f(g) = 46*g**2 - 2*g - 8. What is the tens digit of f(c)?
8
Let y be 1565/15*(1 - -2) + -3. Suppose 4*k - 350 = y. What is the tens digit of k?
6
Suppose 3*c - 3 - 6 = 0. Suppose 4*i = p - 20, 2*p = -c*i + i + 90. Suppose -p = -3*d + 17. What is the tens digit of d?
1
Let d(n) = -2465*n - 22. What is the tens digit of d(-1)?
4
Suppose -3*g - 11 = -5. Let q be (g/(-5))/((-2)/(-740)). Let w = q - 97. What is the tens digit of w?
5
Let u = -188 + 966. What is the tens digit of u?
7
Let i = 9257 - 6251. What is the hundreds digit of i?
0
Let t = -1 - 15. Let q(l) = -3*l - 2 - 1 - 5. What is the units digit of q(t)?
0
Suppose -7 = 2*o + 5. What is the tens digit of -1 + (-147)/o*4?
9
Suppose 5 = 2*s + 1. Let o(m) = -7*m - 3 - 1 - 4*m**s + 0 + 3*m**2. What is the units digit of o(-4)?
8
Suppose m - 3*g = 1493, 2*g + 6079 = 3*m + 1572. What is the tens digit of m?
0
Suppose -3*s + s - 4 = 0, 4*s + 6224 = 2*c. Suppose -19*l + 5*l = -c. What is the hundreds digit of l?
2
Let r be 2/17 - (-800)/425. Let d(k) = 3*k**2 - 4*k - 7. Let p be d(-6). Suppose 0 = 3*c - r*n - 37 - p, -4*n = 0. What is the units digit of c?
4
What is the units digit of 480/(2/18 - (-8)/9)?
0
Let h = -10 - -27. Let i = h - 36. What is the tens digit of i*(-1)/(-2)*-2?
1
Let i(l) = -l**3 - 8*l**2 + 2. Let k be i(-8). Let b = 43 + -43. Suppose -n + k*v = -0*n - 11, 5*n - 4*v - 79 = b. What is the units digit of n?
9
Let p(k) = -4*k**3 - 8*k**2 - 1. What is the tens digit of p(-6)?
7
Let y(l) = -l**2 - 4*l - 5. Let j(u) = -u**2 + 8*u + 5. Let i be j(9). Let n be y(i). What is the tens digit of -31*(1 - (-3 - n))?
3
Let b(w) = -w**2 - 11*w - 4. Let c be b(-10). Suppose -5*l - 2*z - 29 = -c*z, 5*z - 16 = 4*l. What is the units digit of 9/(-6) + l/(-2)?
3
Let m = -49 - -413. What is the tens digit of m?
6
Suppose -4*h + 116105 = 51*h. What is the hundreds digit of h?
1
Let c = -139 - -298. Suppose -10*h = -7*h - c. What is the units digit of h?
3
Let a be 252/(-8)*24/(-14). Let f = -29 + a. Let g = f - 13. What is the tens digit of g?
1
Let m = -375 - -1802. What is the thousands digit of m?
1
Let w(b) = 10*b + 39. Let x be w(-9). Let v = 224 + x. What is the hundreds digit of v?
1
Suppose -5*m + m = -4, 2*z = -2*m + 146. Let q be 2/(-9) - (-160)/z. Suppose -4*o + 32 = 2*a, 3*a + q*a - o - 58 = 0. What is the units digit of a?
2
Let s be (2333/5)/1 + 48/120. Suppose -3*r + u - 3*u = -s, r - u = 154. What is the hundreds digit of r?
1
Let g = -674 - -4047. What is the hundreds digit of g?
3
Let p = -399 - -976. What is the tens digit of p?
7
Let u be (1/1)/(3/204). Let s = -1 + u. What is the tens digit of s?
6
Let g(t) = t**3 + 4*t**2 - 8*t - 10. Let a be g(-5). Suppose -5*w = -4*l - 127 + 592, -5*w = a*l - 615. What is the tens digit of l?
2
Let l = -513 - -2058. What is the thousands digit of l?
1
Let c = -17 - -18. Suppose -n = 5*u + c + 4, 0 = 5*n + u - 95. Let f = n - 9. What is the tens digit of f?
1
Let a = 2480 - 1000. Suppose 14*l + a = 22*l. What is the units digit of l?
5
Suppose -2*l - 2*v + 28 = -6*v, 5*l - 4*v = 100. Suppose -3640 + 805 = -63*w. Let c = w + l. What is the tens digit of c?
6
Suppose 0 = 5*d + 10, 11*b + 5*d = 12*b - 978. What is the tens digit of b?
6
Let v be 642/(-24) - 1/4. Let z be (-18)/v*(-30)/(-4). Suppose z*n - 110 = -0*n. What is the tens digit of n?
2
Let p(d) = 330*d - 17. What is the hundreds digit of p(1)?
3
Let g(o) = 2*o + 4. Let k be (-3)/12 + 63/12. Let y be g(k). Let w(h) = h - 12. What is the units digit of w(y)?
2
Let l(y) = 406*y**2 + 3*y - 3. What is the units digit of l(1)?
6
Let t(g) = 39*g**2 + 2*g + 1. Let q be t(2). Let r = -93 + q. What is the tens digit of r?
6
Suppose -d + 2*m = 6*m - 121, -5*d - 2*m = -623. Let g = d - 19. What is the hundreds digit of g?
1
Suppose -63 = -4*w + k, -3*w + k = -57 + 11. Suppose r + 9 = 2*f, -5*r - w = 5*f - f. Let s(t) = t**3 + 5*t**2 - 4*t + 1. What is the units digit of s(r)?
1
Let m be (-4 - (-54)/12)/(2/(-4)). Let t(p) = -2*p + 4*p**2 - 1 - 9*p**3 - 4*p**2. What is the units digit of t(m)?
0
Let v be (-9 - -11)/((-6)/(-675)). Suppose 4*t - v = -l, l - 458 = -l - 4*t. What is the units digit of l?
3
Let m(r) = -6*r + 9. Let y be m(4). What is the tens digit of 966/15 - y/25?
6
Let k(p) = -p + 6. Let a be k(12). Let d(n) = n**2 + 2*n - 3. What is the units digit of d(a)?
1
Suppose 20*f - 727 = 2633. What is the tens digit of f?
6
Suppose -10*b + 6*b = -3*a - 1291, -2*a - 10 = 0. What is the tens digit of b?
1
Let u(g) = -4*g**2 + 49 + 5*g + 0*g**2 - 21*g + 5*g**2. What is the tens di